et r(k) = 34*k**2 + 1152*k - 6863. Calculate r(6).
1273
Let y(n) = -9*n**2 - 25*n - 253. Give y(-11).
-1067
Let i(g) = 123*g - 18667. What is i(153)?
152
Let b(c) = 186*c**2 - 21391*c + 145. Calculate b(115).
30
Let u(i) = 4*i**3 - 21*i**2 - 97*i - 7. Determine u(-9).
-3751
Let q(n) = 23117*n + 370016. Calculate q(-16).
144
Let a(v) = -1403*v + 475409. Determine a(339).
-208
Let b(j) = -74*j**2 - 9542*j + 183. Determine b(-129).
-333
Let t(m) = m**3 + 90*m**2 - 256*m - 765. Determine t(-93).
-2904
Let r(o) = 2*o**3 + 1185*o**2 + 2331*o - 58. Determine r(-2).
4
Let b(t) = -246*t - 48435. What is b(-197)?
27
Let v(z) = 2*z**3 - 24*z**2 - 176*z + 2125. Determine v(10).
-35
Let j(z) = 981*z**2 - 67764*z + 5166. Calculate j(69).
-9
Let z(u) = 34*u**2 + 29*u - 741. Calculate z(-9).
1752
Let o(b) = -3650*b + 65672. What is o(18)?
-28
Let b(p) = -65*p**2 - 36*p + 167. Calculate b(6).
-2389
Let p(v) = -13*v**3 + 10*v**2 + 57*v - 226. Calculate p(4).
-670
Let m(q) = 27625*q - 28757621. Calculate m(1041).
4
Let o(g) = g**3 + 27*g**2 + 338*g + 799. Calculate o(-3).
1
Let q(f) = 895*f**3 - 6262*f**2 - 28*f + 43. Calculate q(7).
-6
Let w(r) = 12860*r + 141327. What is w(-11)?
-133
Let t(i) = -76*i**2 - 4505*i - 21649. Calculate t(-54).
5
Let b(g) = -46996*g + 79000277. Calculate b(1681).
1
Let c(u) = u**3 + 131*u**2 + 759*u + 16244. What is c(-126)?
-10
Let h(o) = 391*o + 19889. Determine h(-51).
-52
Let b(p) = 2*p**3 + 381*p**2 - 203*p - 2304. Give b(-191).
-12
Let u(x) = 3269923*x - 16349578. Calculate u(5).
37
Let o(b) = -3*b**3 + 29*b**2 - 269*b + 1625. Determine o(8).
-207
Let v(m) = 5071*m**2 + 20564*m + 1122. Give v(-4).
2
Let t(r) = -20*r + 137. Give t(-5).
237
Let m(w) = -539*w**2 - 4365*w - 44. Determine m(-8).
380
Let s(q) = -879*q - 8614. Calculate s(-11).
1055
Let j(n) = -1405983*n + 23901710. What is j(17)?
-1
Let u(p) = 42*p**2 + 691*p - 116. Give u(-17).
275
Let m(d) = 31820*d + 1050081. Determine m(-33).
21
Let w(b) = -5660*b - 4419. Give w(-1).
1241
Let s(a) = -24095*a - 626476. Give s(-26).
-6
Let y(b) = b**3 - 3*b**2 + 315*b + 2688. What is y(-7)?
-7
Let h(s) = -17380*s + 660711. Calculate h(38).
271
Let c(u) = u**3 - 616*u**2 - 7543*u - 45. Give c(-12).
39
Let f(w) = 23*w**2 - 563*w + 3444. Determine f(12).
0
Let k(t) = 916*t - 18298. Give k(21).
938
Let w(r) = -3*r**3 - 37*r**2 - 241*r - 647. What is w(-5)?
8
Let z(d) = -122*d**2 + 16449*d + 2831. Determine z(135).
-4
Let v(f) = 3*f**2 - 245*f - 755. Give v(-3).
7
Let w(s) = 7*s**3 + 22*s**2 + 92*s + 71. Give w(-1).
-6
Let r(w) = 476*w - 11461. Give r(24).
-37
Let m(c) = 2*c**3 + 2*c**2 - 9*c - 3. What is m(3)?
42
Let j(i) = 6*i**2 - 8285*i + 57971. What is j(7)?
270
Let n(j) = 3*j**3 - 622*j**2 - 2969*j - 51. What is n(212)?
-263
Let x(l) = 623*l + 106477. Determine x(-169).
1190
Let z(j) = -1031*j + 10160. Determine z(8).
1912
Let u(s) = 6203*s - 37283. Determine u(6).
-65
Let u(y) = -y**2 - 5725*y + 329567. Calculate u(57).
-7
Let d(i) = 140439*i + 842750. Determine d(-6).
116
Let g(l) = -125460*l - 501864. Determine g(-4).
-24
Let c(n) = -n**3 - 360*n**2 + 19573*n - 4462. Determine c(-408).
26
Let x(q) = q**3 + 46*q**2 - 4*q - 111. Calculate x(-46).
73
Let l(u) = -2*u**3 + 62*u**2 + 280*u + 203. Determine l(35).
203
Let f(l) = -3*l**2 - 63059*l + 504662. Determine f(8).
-2
Let u(m) = m**3 - 32*m**2 - 7487*m + 68. Give u(-72).
-4
Let k(s) = 4*s**3 + 106*s**2 - 7*s - 378. Give k(-27).
-1647
Let f(d) = -82104*d - 246305. Calculate f(-3).
7
Let s(w) = 36*w**2 - 1246*w + 4989. Give s(30).
9
Let d(i) = i**3 - 20*i**2 + 312*i + 2804. Give d(-6).
-4
Let k(o) = 39*o - 2271. Give k(79).
810
Let r(h) = 5*h**2 - 172*h + 428. Determine r(32).
44
Let q(i) = -i**3 + 229*i**2 - 351*i - 23393. Calculate q(227).
-12
Let n(w) = 8765*w**2 + 17529*w. Determine n(-2).
2
Let l(f) = 20*f**2 + 187*f + 1484. Calculate l(-8).
1268
Let j(i) = 128378*i + 15790495. Give j(-123).
1
Let y(q) = 2*q**3 + 264*q**2 + 225*q + 29714. Give y(-132).
14
Let m(d) = -d**3 + 37*d**2 + 844*d - 26818. What is m(23)?
0
Let l(r) = -r**3 - 21*r**2 - 393*r - 4908. Give l(-16).
100
Let y(m) = -23*m**2 - 1193*m + 86. What is y(-52)?
-70
Let z(r) = -144*r + 228529. What is z(1587)?
1
Let b(p) = -2*p**3 - 119*p**2 - 740*p - 34. What is b(-7)?
1
Let n(k) = k**2 + 29*k + 345. Determine n(-39).
735
Let g(n) = 15*n**2 + 1321*n + 2762. Calculate g(-85).
-1148
Let p(i) = 3196*i**2 + 38357*i + 39. Give p(-12).
-21
Let h(u) = 2*u**3 + 11*u**2 - 17*u - 24. Give h(-4).
92
Let h(y) = y**3 + 34*y**2 + 304*y + 1974. Determine h(-25).
-1
Let o(a) = -39*a**2 - 1268*a + 1974. Calculate o(-34).
2
Let y(f) = 221*f + 15453. Give y(-70).
-17
Let i(o) = 2*o**2 + 74*o + 156. Determine i(-37).
156
Let q(b) = -3570*b + 324845. Calculate q(91).
-25
Let x(z) = 297*z + 17704. Calculate x(-63).
-1007
Let j(c) = -2229*c - 40613. Determine j(-18).
-491
Let y(s) = -19*s**2 - 28*s - 210. Determine y(-7).
-945
Let u(t) = -2*t**3 + 25*t**2 - 210*t + 200. Give u(10).
-1400
Let s(t) = -8*t**2 + 375*t - 965. Give s(44).
47
Let v(h) = 2*h**2 - 3725*h + 274905. Determine v(77).
-62
Let c(m) = -7*m**2 + 1695*m - 96340. Determine c(151).
-2
Let m(w) = -10*w**3 + 621*w**2 - 62*w - 196. What is m(62)?
-196
Let h(r) = r**3 + 32*r**2 - 1029*r - 3070. Give h(-51).
-10
Let n(m) = -4*m**3 + 8*m**2 + 49*m - 84. What is n(0)?
-84
Let j(n) = 23542*n + 235637. Calculate j(-10).
217
Let h(g) = -26*g**2 - 71*g - 52. Calculate h(-4).
-184
Let m(x) = x**2 + 625*x - 166712. Calculate m(202).
342
Let m(h) = -h**3 - 133*h**2 + 416*h + 530. Give m(-136).
-558
Let u(k) = 86*k**2 + 23392*k - 580. Give u(-272).
-580
Let l(b) = -5*b**3 + 555*b**2 - 13*b - 80. What is l(111)?
-1523
Let q(t) = -860*t + 8856. Determine q(9).
1116
Let k(i) = 10*i**2 - 949*i + 22119. Determine k(54).
33
Let l(t) = -52621*t + 263095. What is l(5)?
-10
Let h(u) = 8*u**2 + 590*u - 281. What is h(-74)?
-133
Let l(t) = -484072*t**2 - 1452202*t + 13. Determine l(-3).
-29
Let r(q) = -196*q - 38240. Determine r(-195).
-20
Let r(g) = g**3 - 16*g**2 - 9*g - 588. What is r(18)?
-102
Let o(p) = -4*p**3 - 85*p**2 + 332*p + 5844. What is o(-22)?
-8
Let p(i) = -121*i + 24422. Calculate p(194).
948
Let w(m) = -10287*m - 72014. Determine w(-7).
-5
Let v(x) = -x**3 - 158*x**2 + 15956*x - 852. What is v(-228)?
60
Let u(p) = 55*p**3 - 333*p**2 - 466*p + 2912. What is u(6)?
8
Let x(t) = 18*t**2 + 1194*t - 23122. Determine x(-82).
2
Let g(c) = -4*c**2 - 2219*c + 20089. Give g(-563).
1510
Let r(f) = 2*f**3 + 45*f**2 + 128*f + 14. Give r(-3).
-19
Let n(x) = -x**3 + 28*x**2 - 20*x + 665. Calculate n(24).
2489
Let b(y) = -62472*y + 11057545. Give b(177).
1
Let s(v) = -7631*v + 7229. Determine s(1).
-402
Let l(b) = 2*b**2 + 79*b - 933. What is l(12)?
303
Let r(y) = -13*y**2 - 892*y - 3349. Determine r(-4).
11
Let u(b) = -16364*b + 212737. Calculate u(13).
5
Let a(y) = 338*y**2 - 137540*y - 10591. Determine a(407).
-9
Let o(h) = 2110*h + 8377. What is o(-4)?
-63
Let m(r) = -27703*r + 4321653. Give m(156).
-15
Let j(q) = -q**3 - 21*q**2 + 401*q + 166. Give j(-33).
1
Let o(c) = 7*c**3 + 667*c**2 - 429*c + 4898. Give o(-96).
2
Let s(k) = k**3 + 36*k**2 - 2*k - 1339. What is s(-7)?
96
Let s(h) = h**3 + 28*h**2 - 1121*h - 171. Determine s(-50).
879
Let b(l) = l**3 - 3*l**2 + 606*l - 5516. Give b(9).
424
Let d(q) = -3*q**3 - 353*q**2 + 796*q - 752. Determine d(-120).
4528
Let r(l) = -937*l + 342999. Calculate r(366).
57
Let r(n) = 3*n**3 + 164*n**2 + 269*n + 790. Calculate r(-53).
578
Let x(k) = -k**2 - 17830*k - 1702380. Give x(-96).
84
Let c(p) = -14384*p - 604006. Determine c(-42).
122
Let r(s) = -1885*s**2 + 9052*s. Determine r(5).
-1865
Let i(h) = 782*h - 20483. Determine i(26).
-151
Let h(z) = 240*z**2 - 34717*z - 12034. What is h(145)?
1
Let s(y) = -340*y**2 - 6080*y + 396. Give s(-18).
-324
Let d(n) = -6*n**3 + 31*n**2 - 82*n + 7. Calculate d(3).
-122
Let r(v) = -4*v**3 + 249*v**2 + 167*v + 1286. Give r(63).
-100
Let d(r) = 14*r - 1213. What is d(128)?
579
Let l(c) = 3383*c - 165637. Calculate l(49).
130
Let c(f) = 22*f**3 - 195*f**2 - 16*f + 64. What is c(8)?
-1280
Let w(q) = 670*q + 4554. Calculate w(-7).
-136
Let k(v) = v**3 - 103*v**2 - v + 105. Determine k(103).
2
Let x(j) = 6*j**3 - 154*j**2 - 81*j + 61. Give x(26).
-693
Let m(c) = -